base 11, what is 4005 - -8?
4012
In base 15, what is 210b2 - 4?
210ad
In base 11, what is -15 - -2212?
21a8
In base 14, what is -11d - 14a?
-269
In base 16, what is -33 + -bb0?
-be3
In base 6, what is -25423215 + -2?
-25423221
In base 4, what is 10 - 10100332?
-10100322
In base 8, what is -35 - 2003?
-2040
In base 2, what is 11011010110001111100 - -1?
11011010110001111101
In base 13, what is -5 - -9091?
9089
In base 11, what is 3 + -1531?
-1529
In base 13, what is 9 + 4651?
465a
In base 3, what is 2111220 - -110?
2112100
In base 3, what is 101201211100 - -11?
101201211111
In base 7, what is -4 + -162140?
-162144
In base 5, what is -20044 - -14?
-20030
In base 3, what is 220001100 + 10?
220001110
In base 2, what is -100 - 11000011111?
-11000100011
In base 7, what is 3520 - -465?
4315
In base 13, what is 473 + 6a6?
b49
In base 15, what is 248928 - 2?
248926
In base 13, what is -321 - -3?
-31b
In base 5, what is -2112 + -10201?
-12313
In base 5, what is 21340124 + 11?
21340140
In base 7, what is 2045641 + 0?
2045641
In base 10, what is -16 + 61947?
61931
In base 11, what is -1372 + -9?
-1380
In base 10, what is -2 + -19793?
-19795
In base 5, what is 12434221 - -1?
12434222
In base 14, what is 0 + -c1ca?
-c1ca
In base 11, what is -19 + -60a0?
-6109
In base 9, what is -4 - -1500868?
1500864
In base 2, what is 11101000 - 100000000?
-11000
In base 14, what is 531b39 - 4?
531b35
In base 12, what is bb93a - 4?
bb936
In base 3, what is 122120110110 + 10?
122120110120
In base 12, what is 5 + -6017?
-6012
In base 7, what is -3051 - 10?
-3061
In base 9, what is 13 - -22?
35
In base 4, what is 10 - -2133132032?
2133132102
In base 13, what is -45 + -21147?
-2118c
In base 11, what is -28269 - -17?
-28252
In base 5, what is 0 + -312421?
-312421
In base 13, what is -1078c5 - 2?
-1078c7
In base 5, what is -234130 + 1000?
-233130
In base 3, what is 221001 + 10202001?
11200002
In base 15, what is 7 - -a1ea?
a202
In base 16, what is -5 + 8f?
8a
In base 12, what is 7 + -ba89?
-ba82
In base 3, what is 10100212 + -201?
10100011
In base 11, what is -4 - 115573?
-115577
In base 11, what is -15a3 - -6?
-1598
In base 16, what is -5b - 5b9?
-614
In base 2, what is -101 + 101010000010?
101001111101
In base 12, what is 11 + -21753?
-21742
In base 6, what is 2050103 + -2?
2050101
In base 9, what is -2 - -143553?
143551
In base 3, what is -12111 - -101001121?
100212010
In base 14, what is -2c3a + -6?
-2c42
In base 15, what is -2 + 6e90?
6e8d
In base 13, what is 245 - 87?
18b
In base 13, what is 15cc3a - 3?
15cc37
In base 9, what is -4371 - -74?
-4286
In base 5, what is 30 - 1221?
-1141
In base 5, what is -30 + -31331?
-31411
In base 3, what is 101 + 212120121?
212120222
In base 13, what is -4 - 6c23?
-6c27
In base 3, what is 101112 - -1000000?
1101112
In base 4, what is 11 - -123013031?
123013102
In base 12, what is -2 - 23081?
-23083
In base 3, what is 212110210 - -11?
212110221
In base 14, what is -34 - 62c?
-662
In base 4, what is 103133 + 2?
103201
In base 3, what is -112202202202 + -10?
-112202202212
In base 8, what is -1222 + 760?
-242
In base 10, what is -464 - 22?
-486
In base 10, what is 17191 - -2?
17193
In base 15, what is 16 + -b92?
-b7b
In base 11, what is -562785 - -2?
-562783
In base 7, what is 251461 - -6?
251500
In base 11, what is -37 - -2947?
2910
In base 12, what is 5486 + 16?
54a0
In base 9, what is -15718 + 5?
-15713
In base 5, what is -420302 - 3?
-420310
In base 11, what is -29 + 1634?
1606
In base 10, what is -5 - -4008?
4003
In base 3, what is 101020100 + -12?
101020011
In base 15, what is -11468 - 2?
-1146a
In base 4, what is -112 - 30211?
-30323
In base 12, what is -130 - 190?
-300
In base 7, what is -1 - -140002?
140001
In base 15, what is be + 0?
be
In base 2, what is 1001 + 101100000001?
101100001010
In base 5, what is -2004 - 1002?
-3011
In base 8, what is 67300 - 4?
67274
In base 2, what is 10 + -10010011001000?
-10010011000110
In base 16, what is -2 + 3037?
3035
In base 11, what is -15032 + 2?
-15030
In base 3, what is -10 - -21210210122?
21210210112
In base 14, what is 3 + -2a446?
-2a443
In base 7, what is -4 + 5245000?
5244663
In base 7, what is 13 - 654132?
-654116
In base 12, what is -468 - 1a7?
-653
In base 7, what is -6 + 1023345?
1023336
In base 7, what is 150540 - 16?
150521
In base 6, what is -12101 + -20?
-12121
In base 3, what is 12 + 1011010222?
1011011011
In base 3, what is 2010002111 - -10?
2010002121
In base 16, what is -3 - b0a3?
-b0a6
In base 12, what is 975 + 394?
1149
In base 16, what is -2 - 5d6?
-5d8
In base 7, what is -4 + -34064?
-34101
In base 15, what is -32 + -1864?
-1896
In base 3, what is 1 - -10101201202022?
10101201202100
In base 13, what is -94 - -2b31?
2a6a
In base 9, what is -1704 - 854?
-2658
In base 4, what is -112032200 - -2?
-112032132
In base 11, what is 3 - -718a9?
71901
In base 2, what is -1000111010010011001 + -1?
-1000111010010011010
In base 15, what is 3 - 255d?
-255a
In base 12, what is 136a0 - 4?
13698
In base 13, what is -2c - -810b?
80ac
In base 12, what is 311201a - -2?
3112020
In base 9, what is 200023 - -3?
200026
In base 4, what is 22 - 1200032?
-1200010
In base 11, what is 1660 - 15a6?
65
In base 16, what is 1 + -11cc?
-11cb
In base 11, what is -83536 - -4?
-83532
In base 13, what is -157b - -4?
-1577
In base 12, what is 22 - -104a?
1070
In base 7, what is 2 - -326202?
326204
In base 14, what is -175d6 + 4?
-175d2
In base 12, what is -4 + -560454?
-560458
In base 15, what is 10 - 8b8?
-8a8
In base 8, what is 420 - -16?
436
In base 5, what is 102 - 1233?
-1131
In base 16, what is 73 - -557?
5ca
In base 4, what is -312 + -2321211?
-2322123
In base 16, what is acfa9 - -5?
acfae
In base 2, what is 110 - 100111100110000101?
-100111100101111111
In base 6, what is -1 + 2023122?
2023121
In base 16, what is 957 - -187?
ade
In base 7, what is -45204 - -2?
-45202
In base 15, what is 21 + 4d2?
503
In base 11, what is -7a700 - 29?
-7a729
In base 2, what is 111 + 111111111?
1000000110
In base 9, what is 5 + -888040?
-888034
In base 4, what is -10 - -333030?
333020
In base 14, what is 507b - 1c?
505d
In base 6, what is 4134 + -224?
3510
In base 9, what is -11253 + 0?
-11253
In base 11, what is 999 - 3822?
-2934
In base 10, what is -5236632 - 5?
-5236637
In base 15, what is -a - 3d3?
-3dd
In base 6, what is 55 - 114035?
-113540
In base 12, what is 4011 - 2?
400b
In base 16, what is 86 - 37?
4f
In base 12, what is 17 + 314b?
3166
In base 6, what is 53 - 10355?
-10302
In base 7, what is 24020 - 32?
23655
In base 12, what is -260 - 680?
-920
In base 16, what is 9cb + -e?
9bd
In base 2, what is -10 - -1001011000110101010?
1001011000110101000
In base 13, what is -9663 + -15?
-9678
In base 2, what is 1101 - 1100100100?
-1100010111
In base 15, what is 4 - 42c5c?
-42c58
In base 11, what is 15a03 + -1?
15a02
In base 9, what is 76520 + 2?
76522
In base 6, what is -201 - 100312?
-100513
In base 2, what is 1110010101000111 - -11?
1110010101001010
In base 10, what is -24944 - -227?
-24717
In base 2, what is 1111000110101010 - -1100?
1111000110110110
In base 13, what is -2 - 1a973?
-1a975
In base 7, what is 23 - -22612?
22635
In base 4, what is -201 + -330010?
-330211
In base 14, what is 2 + 795?
797
In base 12, what is -23a + -344?
-582
In base 15, what is 145 - -1a5b?
1ba1
In base 6, what is 34 + 120101?
120135
In base 7, what is 11423 - 42?
11351
In base 4, what is -11 - -111111222?
111111211
In base 16, what is 9 - 15c4?
-15bb
In base 9, what is 22505 + -16?
22478
In base 2, what is 1 - -1111000101101010?
1111000101101011
In base 13, what is 1474 - -80c?
1c83
In base 12, what is -21 - -3450?
342b
In base 5, what is -12 + 21234044?
21234032
In base 15, what is 3 + -3479?
-3476
In base 9, what is 8 + 1113446?
1113455
In base 11, what is 137 - -62?
199
In base 11, what is -34 - -876?
842
In base 8, what is 1 - -274101?
274102
In base 16, what is 1 + 3ff2?
3ff3
In base 9, what is -55 + 7631?
7565
In base 2, what is 11101 - 101101001101?
-101100110000
In base 10, what is 61095 + 1?
61096
In base 13, what is 899a7 - 2?
899a5
In base 15, what is -1d + -761?
-77e
In base 10, what is -2611 + -13?
-2624
In base 11, what is -3a20 - 3?
-3a23
In base 15, what is -11646 - -5?
-11641
In base 8, what is -103 - -1244?
1141
In bas